at is the hundred millions digit of 989391634?
9
What is the tens digit of 7736753?
5
What is the units digit of 975894699?
9
What is the hundred millions digit of 119611539?
1
What is the units digit of 419896561?
1
What is the hundred millions digit of 122043879?
1
What is the millions digit of 435238115?
5
What is the units digit of 125152699?
9
What is the ten thousands digit of 87627920?
2
What is the ten millions digit of 52957983?
5
What is the ten thousands digit of 76526396?
2
What is the tens digit of 83368939?
3
What is the hundreds digit of 709881189?
1
What is the hundred thousands digit of 66936329?
9
What is the hundred thousands digit of 1377611225?
6
What is the units digit of 25123536?
6
What is the units digit of 936364659?
9
What is the hundred thousands digit of 502541150?
5
What is the ten millions digit of 51245912?
5
What is the millions digit of 386822548?
6
What is the ten thousands digit of 927666600?
6
What is the hundred thousands digit of 636881061?
8
What is the hundreds digit of 728644351?
3
What is the ten thousands digit of 186913695?
1
What is the ten millions digit of 27781303?
2
What is the ten millions digit of 67399685?
6
What is the hundreds digit of 63523870?
8
What is the tens digit of 25822800?
0
What is the hundred thousands digit of 110719062?
7
What is the ten millions digit of 1483570549?
8
What is the billions digit of 1280359837?
1
What is the ten thousands digit of 80966280?
6
What is the tens digit of 2274958552?
5
What is the ten thousands digit of 109927554?
2
What is the millions digit of 336549746?
6
What is the ten millions digit of 2344877284?
4
What is the units digit of 2061978042?
2
What is the thousands digit of 5524443?
4
What is the billions digit of 1394895468?
1
What is the millions digit of 668312676?
8
What is the thousands digit of 67122843?
2
What is the millions digit of 837256352?
7
What is the thousands digit of 5506238311?
8
What is the ten millions digit of 1210057124?
1
What is the millions digit of 472590643?
2
What is the tens digit of 29014873?
7
What is the ten thousands digit of 1348234517?
3
What is the millions digit of 5222138?
5
What is the ten millions digit of 975000569?
7
What is the hundred millions digit of 4416328570?
4
What is the hundreds digit of 8225670635?
6
What is the hundred millions digit of 1493846602?
4
What is the ten millions digit of 2267378102?
6
What is the millions digit of 3417520036?
7
What is the units digit of 1640471910?
0
What is the hundred thousands digit of 1233465845?
4
What is the millions digit of 719910115?
9
What is the units digit of 32156769?
9
What is the tens digit of 94577661?
6
What is the thousands digit of 1183021546?
1
What is the thousands digit of 50920507?
0
What is the thousands digit of 17110239?
0
What is the hundreds digit of 64356831?
8
What is the tens digit of 3370626501?
0
What is the hundreds digit of 3705878?
8
What is the tens digit of 1012235249?
4
What is the millions digit of 660474825?
0
What is the ten millions digit of 181693574?
8
What is the tens digit of 111810743?
4
What is the hundreds digit of 1126287813?
8
What is the thousands digit of 14735687?
5
What is the hundred thousands digit of 399424752?
4
What is the units digit of 6295252?
2
What is the tens digit of 55827735?
3
What is the hundred thousands digit of 2396528?
3
What is the tens digit of 369641753?
5
What is the millions digit of 4901590294?
1
What is the ten millions digit of 32904461?
3
What is the ten thousands digit of 21814676?
1
What is the ten millions digit of 320328082?
2
What is the thousands digit of 3185324923?
4
What is the hundreds digit of 302882315?
3
What is the millions digit of 226778650?
6
What is the ten thousands digit of 28648078?
4
What is the thousands digit of 10912214?
2
What is the ten thousands digit of 9798074?
9
What is the ten thousands digit of 561159824?
5
What is the hundred thousands digit of 66779832?
7
What is the units digit of 24162211?
1
What is the hundreds digit of 37475846?
8
What is the millions digit of 477112936?
7
What is the hundred thousands digit of 4955571305?
5
What is the tens digit of 69698391?
9
What is the ten thousands digit of 394835476?
3
What is the units digit of 157183160?
0
What is the millions digit of 758655031?
8
What is the tens digit of 17236199?
9
What is the thousands digit of 1484979037?
9
What is the hundred millions digit of 184912124?
1
What is the units digit of 52133252?
2
What is the hundreds digit of 3064967578?
5
What is the ten millions digit of 74911165?
7
What is the ten millions digit of 54244874?
5
What is the billions digit of 3786240823?
3
What is the hundreds digit of 523270303?
3
What is the hundred thousands digit of 855318773?
3
What is the hundred thousands digit of 134008649?
0
What is the millions digit of 1046447492?
6
What is the hundred thousands digit of 169330934?
3
What is the tens digit of 139183399?
9
What is the tens digit of 516370781?
8
What is the thousands digit of 182410072?
0
What is the hundred millions digit of 1302166866?
3
What is the tens digit of 200754549?
4
What is the tens digit of 36856220?
2
What is the millions digit of 278000427?
8
What is the thousands digit of 3549135361?
5
What is the ten thousands digit of 44820200?
2
What is the units digit of 226400982?
2
What is the thousands digit of 130662193?
2
What is the tens digit of 1702455389?
8
What is the millions digit of 696385412?
6
What is the hundreds digit of 71831024?
0
What is the billions digit of 1057746300?
1
What is the hundred thousands digit of 5327080466?
0
What is the hundreds digit of 207917067?
0
What is the hundreds digit of 68289600?
6
What is the hundreds digit of 738704807?
8
What is the ten millions digit of 100139341?
0
What is the millions digit of 47257967?
7
What is the hundreds digit of 72222311?
3
What is the millions digit of 136746824?
6
What is the hundreds digit of 171328099?
0
What is the units digit of 2080902642?
2
What is the ten thousands digit of 6819912435?
1
What is the hundred millions digit of 1509835053?
5
What is the billions digit of 2174630311?
2
What is the millions digit of 168981732?
8
What is the millions digit of 199744962?
9
What is the hundred millions digit of 496454726?
4
What is the millions digit of 36984856?
6
What is the units digit of 6371917445?
5
What is the tens digit of 904548852?
5
What is the units digit of 825836886?
6
What is the ten millions digit of 37175559?
3
What is the thousands digit of 3764082631?
2
What is the thousands digit of 46353865?
3
What is the hundreds digit of 179237826?
8
What is the units digit of 4203244202?
2
What is the units digit of 4694519718?
8
What is the hundreds digit of 54635358?
3
What is the millions digit of 103154431?
3
What is the tens digit of 29575740?
4
What is the hundreds digit of 1069294644?
6
What is the ten millions digit of 256132108?
5
What is the ten thousands digit of 2917982?
1
What is the ten thousands digit of 137087524?
8
What is the thousands digit of 2008884357?
4
What is the units digit of 212405567?
7
What is the hundreds digit of 12541589?
5
What is the tens digit of 68892324?
2
What is the hundred millions digit of 278700774?
2
What is the ten thousands digit of 3292115413?
1
What is the thousands digit of 643911709?
1
What is the tens digit of 352789413?
1
What is the hundred thousands digit of 4154537729?
5
What is the ten thousands digit of 161389647?
8
What is the ten millions digit of 29617236?
2
What is the thousands digit of 37829908?
9
What is the tens digit of 235599776?
7
What is the ten millions digit of 94501691?
9
What is the tens digit of 46229135?
3
What is the hundred thousands digit of 44489787?
4
What is the tens digit of 25351401?
0
What is the hundreds digit of 11753916?
9
What is the millions digit of 102118281?
2
What is the hundred thousands digit of 2143221201?
2
What is the billions digit of 3103660841?
3
What is the thousands digit of 1173575670?
5
What is the units digit of 137582238?
8
What is the ten millions digit of 322781945?
2
What is the ten thousands digit of 124056911?
5
What is the hundreds digit of 62689448?
4
What is the thousands digit of 61289611?
9
What is the ten millions digit of 25791